culate -3 + 6 + 14 + 5 + 0 + -4.
18
What is -76 + 54 + 12 + 5?
-5
-21 - (-11 - (-1 + 5 + -4))
-10
What is the value of 15 + (-37 - 9) - (-7 - -8)?
-32
What is 9 + -25 + 12 + 15 + 1 + 2?
14
Evaluate 15 + -17 + -16 + 13.
-5
(25 - (7 + 4)) + -5 + 12
21
Evaluate -1 - (0 - 8) - (8 - (0 + -5)).
-6
What is -15 - (-29 - (-22 + 12))?
4
What is -22 + (23 - (12 - -1))?
-12
Calculate 5 - ((-11 + 9 - -5) + -7).
9
What is -5 - (-2 - 16 - (2 - -5 - 12))?
8
9 + (-10 + (-19 - -13) - -5)
-2
Evaluate 24 - (9 - (-23 + -15)).
-23
What is -2 + -2 + 1 - (-20 + (-8 - -33))?
-8
What is (-9 - (-15 - (-3 + -3))) + 1 + 3?
4
Evaluate 3 - 0 - 3 - (1 + -4).
3
(34 - 6) + 37 + -47
18
-6 - (22 + -14 - 4)
-10
26 - (-2 + -3 + 18)
13
Evaluate -2 + 16 - (-7 - ((-10 - 11) + 7)).
7
Evaluate 10 + -6 + 11 + -18 - -12.
9
Evaluate -6 - (0 + 12 - (-29 + 41)).
-6
Evaluate (-7 - 3) + (10 - 5) + -9.
-14
(-5 + -9 + 9 + -3 - -4) + 7
3
(11 - 4 - 13) + 6 - -24 - 5
19
Evaluate -1 + -20 + (-20 - -19).
-22
What is the value of 28 + 6 - (7 + 4)?
23
Evaluate (-1 + 3 - 6 - 2 - -16) + -4.
6
16 - (42 + -18 - 19)
11
What is the value of 0 - -18 - (4 - 0) - (0 - -1)?
13
-1 + -3 + (-8 - (6 - 8))
-10
What is the value of -27 + 8 + 33 + -32?
-18
What is the value of 106 + -97 + -9 + 3?
3
Evaluate (11 - 38 - 10) + 38.
1
Evaluate (-8 - (-11 + 23 + -5 + -11)) + -14.
-18
Evaluate -3 + -9 + 3 + 6 + -6.
-9
Calculate -9 + (20 - (-3 - -7)) - 28.
-21
(-7 - ((0 - -9) + (-24 - -11))) + 14
11
3 + (22 - (-4 - -3)) - (-79 - -71)
34
-6 + 1 + (639 - 629)
5
Evaluate -20 - (30 - (-2 + 57)).
5
What is 8 + -20 + 22 - 14?
-4
Calculate 14 - (14 + (28 - 28)).
0
Calculate 15 + -1 - (31 - 30 - -31).
-18
Evaluate 20 - 22 - 3 - 13.
-18
What is -10 + 10 + (-3 - 3) + -12?
-18
-17 + 21 + 9 + -5
8
14 + (-30 - -26 - -7 - (0 - -6))
11
What is the value of -15 + -14 + 22 - 3?
-10
What is 4 - (3 + -6) - (-5 - (-4 - -6))?
14
What is (-17 - (0 + -4)) + -1 + 1?
-13
Calculate -16 - (-24 + 19) - (-22 + -1).
12
What is the value of -1 - (5 + 5 + -7 + 1 + -4)?
-1
What is the value of (10 - 7) + (-11 - (-9 + 5))?
-4
Evaluate 24 + -19 + 11 + 5 + -2.
19
(-34 - -46) + (-2 - (3 + 2)) - 11
-6
Evaluate 96 + -75 - (1 + 21).
-1
What is 10 + 0 + -13 + 0?
-3
(1 - (-1 - 18)) + 5
25
0 - 1 - -3 - (44 + -44)
2
Evaluate 4 + (0 - (0 - 3)) + (-24 - -24).
7
What is (88 - 83) + (0 - -1) - (0 + 7)?
-1
-2 - (-27 - (14 + -23))
16
Calculate (-18 - 8 - -13 - (0 + -5)) + -6.
-14
Calculate (-40 - -27) + 30 + (-2 - (3 - 14)).
26
Evaluate 15 - 1 - (-1267 + 1266).
15
Calculate 53 - (5 - -29) - (0 - -1).
18
What is the value of 25 + (10 - 17) - 11?
7
What is (11 - ((9 - 7) + 3)) + -17?
-11
What is the value of 3 + (-33 + 27 - -8)?
5
What is 1 + 0 - (-14 - (-16 - (-11 + 4)))?
6
Evaluate (-18 - -9) + 20 + -3 + (5 - -3).
16
-11 + (-11 + 18 - -1) + 20
17
What is (-12 - -19) + (-19 - -4)?
-8
-3 + 12 + -5 - 8 - (-20 - -9)
7
Evaluate 6 - (1 + 13 - (-22 + 1)).
-29
-13 + (2 - 1) - (-1370 - -1358)
0
What is (7 - (3 + 14)) + 58 - 13?
35
What is -10 + 21 + -5 - (-1 + 8) - 7?
-8
What is (2 - -4 - (7 - -11)) + 53 + -70?
-29
What is the value of -2 - (-3 + 2) - (4 - (-12 - -15))?
-2
-8 - ((1 - 8) + 8 - (10 - 12))
-11
Evaluate -3 + -3 + 6 + 1 + -4 - -4.
1
Evaluate 4 - 3 - 14 - (-317 + 286).
18
-16 + 2 + (-21 - (-47 - -22))
-10
Calculate -6 - -17 - 5 - 7 - (2 - 6).
3
Evaluate 5 + 24 + -17 - (8 - (-1 - 0)).
3
(4 - (-4 - (7 - 22) - 3)) + 19
15
Evaluate (3 + -3 - -6) + (-4 - -1 - 21).
-18
What is (-18 - -39) + (-19 - -5)?
7
What is the value of 33 + -3 + -15 - 25?
-10
-3 + 5 + (-21 + 1 - (-13 - -8))
-13
Calculate -26 - (2 - 2) - -16.
-10
Evaluate 10 + (-3 - -11 - (-26 - (11 - 26))).
29
Evaluate 1 - 19 - (-5 + (6 - (12 - 6))).
-13
22 + (-36 - (-19 - -13))
-8
What is -2 + 9 - (-15 - ((-9 - 2) + 0))?
11
30 - 31 - (3 - -2)
-6
What is -26 + (0 - (4 - 3 - 9)) + -3?
-21
What is the value of 14 + -1 + -3 + 12 + 23 + -37?
8
What is the value of (0 + 1 - 5) + -3909 + 3916?
3
What is the value of 54 - 42 - (-15 - (5 + -11) - 0)?
21
Evaluate 6 + -1 + 3 + -4 - 16.
-12
Calculate ((-2 - -26) + -31 - -28) + (0 - -1).
22
What is (23 - 39) + 8 + 5?
-3
What is -13 + (0 + 2 - (-69 + 72))?
-14
What is 2 + -8 - 9 - (1 - 8) - -6?
-2
What is -11 - ((-93 - -36) + 27)?
19
What is 27 - (10 + 15 + 5)?
-3
Evaluate 0 - 9 - ((8 - 3) + (5 - 8)).
-11
What is 34 + -60 + -9 - -32?
-3
3 - (-11 - -6 - -7) - 0
1
What is the value of 2 - -30 - (21 + (-1 - 8))?
20
27 + (-18 - 44 - -25)
-10
What is the value of 6 - (2 - (3 + -17) - (-4 - 0))?
-14
-8 + (0 - -7 - (-18 + 9))
8
Calculate -6 - (8 + 2 + -9 + -25 - -6).
12
Calculate (0 + 12 - 15) + (-16 - -1) - 3.
-21
What is the value of -11 + -19 + -14 + 24?
-20
What is (-12 - 8) + 16 + -3?
-7
(-24 - -32 - 5) + 18
21
What is the value of -213 + 216 + (16 - 1)?
18
What is 354 + -325 + 2 + -27?
4
16 + (4 - 13 - -13) + (-3 - -5)
22
Evaluate -12 - (10 + -4 - 15).
-3
What is -6 + 26 + -32 + 14?
2
What is -19 - (-3 - -9) - (0 + (5 - 13))?
-17
Evaluate (12 - (10 + -5)) + -1 + -5.
1
Calculate (-72 - -75) + (-2 - (-2 - (-2 + 3))).
4
Evaluate -13 + 20 + 2 + -31.
-22
Calculate (88 - 83) + -3 + -2 + (0 - -8).
8
Calculate 337 + -317 + 2 + 0 + 2.
24
-16 + 6 + (9 - 2)
-3
What is the value of (0 - (-43 + 25)) + -18?
0
Evaluate 106 + -128 - (0 - -3).
-25
What is (-13 - (13 + -12)) + -2 - 13?
-29
Calculate 6 + -2 + (179 - 172).
11
(0 - -14 - 20) + -16
-22
Calculate (6 + -10 - 0 - 0) + -6 + -1.
-11
What is the value of 14 - (-1 - -15) - 16?
-16
2 + 0 - (6 - (5 + -5 - -20))
16
What is the value of -11 - (-2 - 4) - (-33 + -3 + 10)?
21
Evaluate 293 - 324 - (-3 - -1 - (-2 - -11)).
-20
-46 + 24 + 21 - 17
-18
7 + (-6 - 3) + (19 - 20)
-3
Evaluate -5 + 1 - (-263 - -251) - 12.
-4
Evaluate (6 - 14) + (-14 - -25).
3
-4 + (5 - 16 - -4 - -3)
-8
Calculate -16 + 4 - (5 - (47 + -5)).
25
139 + -151 - (16 - (-4 + 6))
-26
(-4 - (12 - 11)) + 12 + 3 + 0
10
2 + (0 + -4 - (-1 + -3)) - 5
-3
Evaluate 16 - (-1 - -14 - (20 - (-11 - -21))).
13
-2 + 5 + -21 + 34 + 4
20
-4 - ((0 - 0 - -6) + -9 - 0)
-1
What is the value of -26 - (-28 + 32 + -20)?
-10
Calculate 4 + 6 + -9 + 1 + 5.
7
-2 + -12 + 14 + 0 + -1 + 22
21
Calculate (3 - 2) + (5 - 16) + (-11 - -16).
-5
What is the value of -14 - (4 + (-9 - 7))?
-2
Calculate 16 + (-29 - -18) + -9.
-4
Evaluate (25 + 1 - (15 - 2)) + -5.
8
What is (-30 - -56) + (0 - 7) - (0 + 0)?
19
Calculate 19 + -14 + (3 - -7).
15
Evaluate 26 + (-4 - 22 - -21).
21
(17 - (13 + 1)) + 13
16
What is the value of 2 + 12 + (10 - 17) + -14?
-7
What is the value of -31 + (50 - 3 - -5)?
21
What is the value of 10 - (-18 - (25 - 45))?
8
What is (3 - -6) + (-28 - -60 - (2 + 7))?
32
What is -9 - (-15 + -6) - 6?
6
Calculate -2 - 0 - (11 + -1 - (-110 - -123)).
1
What is the value of (-126 - -142) + -5 + 0 + -1 + -37?
-27
(2 - -3) + 0 + 4 + -1 - -5
13
Calculate 1 + 1 - (-44 + 49 + 3 + -21).
15
Calculate 24 + -28 + (9 - 2).
3
Evaluate (-26 + 51 - -2) + -5.
22
0 + 12 - (-70 + 158 - 39)
-37
Calculate -1 - (3 + -10) - ((5 - -15) + -8).
-6
Calculate 46 + -3 + (13 + -3 - 16).
37
Evaluate 2 + (-2 - (-2 + 3)) + 658 + -655.
2
Evaluate (-30 - -18) + 38 - 21.
5
Evaluate (-23 - (-11 - -5)) + 11.
-6
Evaluate -23 + (4 - -8 - 14) + 12.
-13
Calculate (1 - 5) + (74 - 49) + (13 - 18).
16
Evaluate -6 - (8 + -5 + -11).
2
What is the value of 156 - 138 - (9 - 1 - -1)?
9
Evaluate (17 - 18 - -35) + -11 + -1.
22
What is -9 + -3 + -11 + -19 + 6?
-36
Calculate 12 + (-11 - (14 + -32 + 8)).
11
Evaluate 4 - (19 + -9 - 8).
2
Evaluate 0 + 0 + 11 + -3 - (5 + -3).
6
Calculate (30 - 20 - (7 + 3)) + 8 + 14.
22
-8 + (-12 - (-44 + 10 - -5))
9
What is the value of 6 - (17 + (-1 - 13) + 9 + -2)?
-4
What is the value of -23 + (0 + -6 - -24)?
-5
(-11 - ((-2 - 3) + 11)) + 0 + 5
-12
Calculate (-287 - -321) + -6 + 1.
29
Evaluate 13 - (-11 - ((-25 - 6) + -12)).
-19
What is 0 + ((-10 - -5) + -1 + 8 - -5)?
7
Calculate 0 - 2 - (-5 - -7 - 9 - -6).
-1
-3 + 30 + -105 + 93
15
Calculate -28 + 30 - (0 - 1 - 9).
12
Evaluate -9 - -5 - (0 - 0 - 4).
0
What is the value of (36 - (13 - -88)) + 36?
-29
Evaluate -1 - (-9 + 28 + 4 + -2 - 4).
-18
What is the value of 5 + -2 + -13 + -1 + -5?
-16
(61 + -12 - 43) + (1 - 2)
5
What is the value of 1 + 21 - (24 + -29 + 0)?
27
What is 13 + ((3 - 1) + -3 - 9)?
3
Evaluate -4 - ((-5 - (1 + -1)) + 2 - 6).
5
4 - (7 - (-4 - 0)) - (-1 - -9)
-15
What is 13 - 